ded by 66?
35
Suppose 8516 = 30*p + 55*p + 3076. Calculate the remainder when 153 is divided by p.
25
Let u(o) = 2*o**2 + 26*o - 706. What is the remainder when 94 is divided by u(14)?
44
Let d(g) = 75*g - 50. Calculate the remainder when d(3) is divided by 59.
57
Let l(f) be the third derivative of f**4/6 + 5*f**3 - 6*f**2 - 5. What is the remainder when 147 is divided by l(0)?
27
Suppose 545*y = 510*y + 1645. What is the remainder when y is divided by 12?
11
Suppose -1713*i + 1726*i - 351 = 0. What is the remainder when 248 is divided by i?
5
Suppose 5*d + 3*v = d + 181, 9 = 3*v. Let c be 24/11 + (57/(-11) - -5). Calculate the remainder when 170 - 2/(-1) - 6/c is divided by d.
40
Let a = 1293 - 1291. What is the remainder when 54 is divided by a?
0
Calculate the remainder when ((-1084345)/1190)/((-2)/28) is divided by 58.
55
Let v(y) be the first derivative of 53*y**3/6 - y**2/2 + 10*y + 10. Let w(s) be the first derivative of v(s). What is the remainder when w(3) is divided by 20?
18
Let w = 3198 + -3173. What is the remainder when 2446 is divided by w?
21
What is the remainder when 62/(-155) + 1701/15 is divided by (152/40)/(1/10)?
37
Suppose -498*s + 485*s + 4082 = 0. What is the remainder when 957 is divided by s?
15
Let a be (9 - 3)/((-9)/96). Let g = a - -98. Let w(d) = d**3 + 6*d**2 + 2*d - 2. What is the remainder when g is divided by w(-5)?
8
Let o(t) be the third derivative of -t**5/60 - t**4/12 + t**3 - 15*t**2. Let v be (-18)/12 - 6/(-4). Calculate the remainder when 45 is divided by o(v).
3
Suppose 2*r + 11881 = 4*f + 4963, -f + 1725 = 4*r. What is the remainder when f is divided by 42?
7
Suppose 9*r - 8*r - 18 = 0. Suppose -f - o = -0*f - 152, -f - 3*o + 150 = 0. Suppose -34*z = -31*z - f. Calculate the remainder when z is divided by r.
15
Suppose -5*w - 345 = -310. Let y(l) = -43*l - 127. What is the remainder when y(w) is divided by 16?
14
Suppose -3*g + 4*v - 21 = -4*g, 0 = -4*g + 5*v. Let l(y) = y**3 - 3*y**2 - 7*y - 3. What is the remainder when 143 is divided by l(g)?
11
Suppose 3*w = 4*h - 701 - 25, 3*h + 5*w - 559 = 0. Calculate the remainder when 1095 is divided by h.
180
Let k(u) = u + 4 - 3 + 5. Let j be k(13). Let m = 31 + j. Calculate the remainder when m is divided by 13.
11
Let k = 4 - 0. Let n be -6 + k + (2 + -3 - -15). Calculate the remainder when 46 is divided by (-6)/(1*(-4)/n).
10
Let f = 77 + -110. Let a = f + 81. Suppose 5*t - 3*w = -4*w + 463, 2*t + 4*w = 196. Calculate the remainder when t is divided by a.
44
Suppose 0*a + 5*r = -3*a - 12, 2*a - 2*r = -8. What is the remainder when 403 is divided by 20/a + 29 + 5?
26
Let x be 2/(-6) + 539/33. Let i be (-64)/x - 1*47. Let d = i + 86. What is the remainder when d is divided by 9?
8
Calculate the remainder when 1056 is divided by (-6)/87 + 240380/2929.
72
Let i be (-6 - -23)*1/(-2)*-2. Let r(n) = -10*n + 178. Calculate the remainder when 86 is divided by r(i).
6
Suppose 0*r - 5*r = -30. Let z = -47084 - -47157. Calculate the remainder when z is divided by r.
1
Suppose -20 = -2*s + 8. Let i be 7/(s/(-6)) + -18. Calculate the remainder when 29 is divided by (-3)/(-7) + (-327)/i.
13
Suppose 0 = -5*m + 15, 3*n = 2*m + 17 + 4. Suppose n*g + 20 = 14*g. Calculate the remainder when 10 is divided by g.
2
Suppose -4*k + 8*k = -4*b + 12, -13 = k + 5*b. Let m(w) = w**3 - 8*w**2 + 8*w + 1. Calculate the remainder when 30 is divided by m(k).
6
Let i = 368 + -1131. Let d = -57 - i. Suppose 2*c = -3*a + 440, 5*a + c - d = 32. Calculate the remainder when a is divided by 25.
23
Suppose 20 = -5*d, 286*n - 287*n = -2*d - 1118. Calculate the remainder when n is divided by 61.
12
Suppose 1552 - 257 = 35*p - 245. Let g(y) = 12*y**2 - 4*y - 2. What is the remainder when g(4) is divided by p?
42
Let l = 609 + -604. Suppose 0*u + l*u = 5*s + 95, 4*u + s - 61 = 0. Calculate the remainder when 685 is divided by u.
13
Let q(l) = l**3 - 9*l**2 + 11*l + 16. What is the remainder when q(13) is divided by 84?
79
Let q = -62 + 38. Let u be 1/(10/9294) - q/(-60). Suppose -10*m + 551 = -u. Calculate the remainder when m is divided by 15.
13
Let b be (-2)/14 + 52400/280. Calculate the remainder when 143 is divided by 3/(67/b - (-8)/(-44)).
7
Let r = -27197 - -18237. Let l be ((-4)/6)/2 + r/120. What is the remainder when 99 is divided by ((-6)/(-9))/((-2)/l)?
24
Suppose -g - 3*g = -192. Let y be 3 - ((-14)/(-2) + 3 + -3). Let u(p) = -p + 13. What is the remainder when g is divided by u(y)?
14
Let t(b) = b**3 - 9*b**2 - 11*b - 10. Let d(v) = -v**2 - v - 1. Let q(k) = -6*d(k) + t(k). What is the remainder when 40 is divided by q(5)?
19
Let y(j) = 16*j**2 - 5*j + 4. Let g be y(1). Suppose -4*l = -g*l + 88. Calculate the remainder when 30 is divided by l.
6
Let p(c) = 3*c - 47. Let s = -81 - -110. Calculate the remainder when 198 is divided by p(s).
38
Suppose -143 = -2*v - 3*j, 5*v + 321 = 9*v - j. Calculate the remainder when v is divided by (-1)/((-68)/(-23) + -3).
10
Let x = 121 - 61. Suppose 5*g - 14*q = -17*q + 11, 2*q - 1 = 3*g. Let f(a) = 17*a**3 - 3*a + 2. What is the remainder when x is divided by f(g)?
12
Let d(v) = v**3 + 21*v**2 + 34*v + 34. Let a be d(-17). Let u = a - 591. What is the remainder when 269 is divided by u?
17
Suppose -32 - 13 = -3*s. Suppose -s*n = -20*n + 30. Calculate the remainder when (3 + 0 + -4)/(4/(-136)) is divided by n.
4
Let j = -2264 - -2287. Calculate the remainder when 341 is divided by j.
19
Let w be (-1 - (-7)/9) + 98/441. Suppose p + 556 = 2*t, -2*t + 568 = -w*t + 5*p. Suppose -2*k + t = 23. What is the remainder when k is divided by 13?
11
Suppose 31*t - 379 - 9138 = 0. Suppose 5*w + 3*y - t = 0, -2*w - 4*y = -3*y - 123. Calculate the remainder when w is divided by 13.
10
Let n(k) = 39*k - 187. Let s be n(5). Suppose 16 = 4*o + s. Let d(a) = -2*a - 1. Calculate the remainder when d(-4) is divided by o.
1
Suppose 0 = -r - 2*s + 479, r + 3*s - 479 = 8*s. Suppose 164 = 4*c + 1486*k - 1482*k, 42*c + 2*k = 1842. Calculate the remainder when r is divided by c.
39
Suppose 0 = 4*f - 5*g - 69, f + 1 = 3*g + 27. Let j = -281 - -289. Suppose 231 = 3*x + j*x. What is the remainder when x is divided by f?
10
What is the remainder when 293 is divided by 2*(-30)/(-12)*-2 + 105?
8
Let z be -2 - (-92 - 3)/5. Suppose o = z - 84. Calculate the remainder when -2 - ((-2 - 2) + o) is divided by 8.
5
Suppose -2*x = 4*c - 126, -4*c - 5*x + 8*x = -121. What is the remainder when 9/15*(95 + 0) is divided by c?
26
Let b be ((-1)/3)/(5/(-6885)). Suppose -b = 9*p - 486. What is the remainder when 134 is divided by p?
2
Let g be 1571/13 + 14*(-10)/(-910). Suppose 2*w + g = 3*s, -9*s = -5*s - w - 153. Calculate the remainder when 72 is divided by s.
35
Suppose -76 = -2*n - 2*n. Suppose 6570 = -7515*w + 7734*w. What is the remainder when w is divided by n?
11
Suppose 5*r = -0*p - 4*p + 2593, 4*p + 4*r = 2592. What is the remainder when p is divided by -3 + 87 - (0 + -1 + 4)?
80
Suppose -16*b + 31 = 127. Let w = 7 - b. Calculate the remainder when w is divided by 7.
6
Suppose 0 = -3*g + 9, 3*k - 133 = -g + 197. Suppose -3*j + 5*j + 8 = 0, -3*j = -f + 42. What is the remainder when k is divided by f?
19
Suppose -16*j + 14*j = -226. Let v = -230 - -269. Calculate the remainder when j is divided by v.
35
Let u(k) = -134*k - 2907. Calculate the remainder when 268 is divided by u(-22).
22
Let x = -7884 + 7914. What is the remainder when 272 is divided by x?
2
Let t(g) = g**3 - 7*g**2 + 5*g + 6. Let x be ((-21)/35)/((-2)/20). Let z be t(x). Suppose z = -0*p - 7*p + 252. What is the remainder when p is divided by 15?
6
Let o(u) = 2*u**3 - 99*u**2 + 1092*u + 3. What is the remainder when 4894 is divided by o(33)?
100
Let u = 3857 + -3823. Calculate the remainder when 336 is divided by u.
30
Suppose 4*x = -7*l + 2*l + 259, 150 = 3*l - 3*x. Let q(u) = u**2 - u + 27. What is the remainder when q(12) is divided by l?
6
Let c = -9695 + 20457. What is the remainder when c is divided by 47?
46
Let r = 43 - 40. Suppose 3*l + 24 + 20 = 4*t, 11 = t - r*l. Let h = 35 - 16. Calculate the remainder when h is divided by t.
8
Let r = -19741 - -19829. Calculate the remainder when 1246 is divided by r.
14
Suppose 2485*n - 2497*n + 3276 = 0. Calculate the remainder when n is divided by 65.
13
Let m = 1